{"id":3,"date":"2023-11-24T15:11:26","date_gmt":"2023-11-24T14:11:26","guid":{"rendered":"http:\/\/abrisolaires.com\/?page_id=3"},"modified":"2024-02-23T08:30:53","modified_gmt":"2024-02-23T07:30:53","slug":"politique-de-confidentialite","status":"publish","type":"page","link":"https:\/\/abrisolaires.com\/index.php\/politique-de-confidentialite\/","title":{"rendered":"Politique de confidentialit\u00e9"},"content":{"rendered":"\t\t<div data-elementor-type=\"wp-page\" data-elementor-id=\"3\" class=\"elementor elementor-3\">\n\t\t\t\t<div class=\"elementor-element elementor-element-4916e385 e-flex e-con-boxed e-con e-parent\" data-id=\"4916e385\" data-element_type=\"container\">\n\t\t\t\t\t<div class=\"e-con-inner\">\n\t\t\t\t<div class=\"elementor-element elementor-element-17314c30 elementor-widget elementor-widget-text-editor\" data-id=\"17314c30\" data-element_type=\"widget\" data-widget_type=\"text-editor.default\">\n\t\t\t\t<div class=\"elementor-widget-container\">\n\t\t\t\t\t\t\t\t\t\n<h1 class=\"wp-block-heading\">MENTIONS L\u00c9GALES<\/h1>\n\n<p>Propri\u00e9taire\u00a0: Sco2Bois &#8211; 29 Chemin des Aravis \u2013 73100 \u2013 AIX LES BAINS<br \/>Responsable publication : Benjamin BOURY<br \/>Contact : 04 74 64 14 80 &#8211; contact@sco2bois.com<\/p>\n<p>H\u00e9bergement : OVH<br \/>Si\u00e8ge social : 2 rue Kellermann &#8211; 59100 &#8211; ROUBAIX &#8211; FRANCE.<br \/><a href=\"http:\/\/www.ovh.com\">www.ovh.com<\/a><\/p>\n\n<h2 class=\"wp-block-heading\"><strong>CONDITIONS G\u00c9N\u00c9RALES D&rsquo;UTILISATION<\/strong><\/h2>\n\n<p>Les pr\u00e9sentes Conditions G\u00e9n\u00e9rales d\u2019Utilisation ont pour objet de d\u00e9finir les modalit\u00e9s de mise \u00e0 disposition du site\u00a0<a href=\"https:\/\/abrisolaires.com\/\">www.abrisolaires.com<\/a>, ci-apr\u00e8s nomm\u00e9 \u00ab le Service \u00bb et les conditions d\u2019utilisation du Service par l\u2019Utilisateur.<\/p>\n\n<h2 class=\"wp-block-heading\"><strong>1. ACC\u00c8S AU SERVICE<\/strong><\/h2>\n\n<p>Le Service est accessible gratuitement \u00e0 tout Utilisateur disposant d\u2019un acc\u00e8s \u00e0 internet. Tous les co\u00fbts aff\u00e9rents \u00e0 l\u2019acc\u00e8s au Service, que ce soient les frais mat\u00e9riels, logiciels ou d\u2019acc\u00e8s \u00e0 internet sont exclusivement \u00e0 la charge de l\u2019Utilisateur. Il est seul responsable du bon fonctionnement de son \u00e9quipement informatique ainsi que de son acc\u00e8s \u00e0 internet.<\/p>\n<p>Sco2Bois\u00a0se r\u00e9serve le droit de refuser l\u2019acc\u00e8s au Service, unilat\u00e9ralement et sans notification pr\u00e9alable, \u00e0 tout Utilisateur ne respectant pas les pr\u00e9sentes conditions d\u2019utilisation.<\/p>\n<p>L\u2019Editeur met en \u0153uvre tous les moyens raisonnables \u00e0 sa disposition pour assurer un acc\u00e8s de qualit\u00e9 au Service, mais n\u2019est tenu \u00e0 aucune obligation d\u2019y parvenir.<\/p>\n<p>L\u2019Editeur ne peut, en outre, \u00eatre tenue responsable de tout dysfonctionnement du r\u00e9seau ou des serveurs ou de tout autre \u00e9v\u00e9nement \u00e9chappant au contr\u00f4le raisonnable, qui emp\u00eacherait ou d\u00e9graderait l\u2019acc\u00e8s au Service. Il se r\u00e9serve la possibilit\u00e9 d\u2019interrompre, de suspendre momentan\u00e9ment ou de modifier sans pr\u00e9avis l\u2019acc\u00e8s \u00e0 tout ou partie du Service, afin d\u2019en assurer la maintenance, ou pour toute autre raison, sans que l\u2019interruption n\u2019ouvre droit \u00e0 aucune obligation ni indemnisation.<\/p>\n\n<h2 class=\"wp-block-heading\"><strong>2. PROPRI\u00c9T\u00c9 INTELLECTUELLE<\/strong><\/h2>\n\n<p>La structure g\u00e9n\u00e9rale du site\u00a0<a href=\"https:\/\/abrisolaires.com\/\">www.abrisolaires.com<\/a>, ainsi que les textes, graphiques, images, sons et vid\u00e9os la composant, sont la propri\u00e9t\u00e9 de la soci\u00e9t\u00e9 Sco2Bois. Toute repr\u00e9sentation et\/ou reproduction et\/ou exploitation partielle ou totale des contenus et services propos\u00e9s, par quelque proc\u00e9d\u00e9 que ce soit, sans l\u2019autorisation pr\u00e9alable et par \u00e9crit du Responsable de la Publication et\/ou de ses partenaires est strictement interdite et serait susceptible de constituer une contrefa\u00e7on au sens des articles L 335-2 et suivants du Code de la propri\u00e9t\u00e9 intellectuelle.<\/p>\n\n<h2 class=\"wp-block-heading\"><strong>3. TRAITEMENT DES DONN\u00c9ES PERSONNELLES<\/strong><\/h2>\n\n<p>Les informations concernant l\u2019Utilisateur ne sont en aucun cas transmises \u00e0 des tiers. Conform\u00e9ment \u00e0 la loi Informatique et Libert\u00e9s du 6 janvier 1978 r\u00e9form\u00e9e, l\u2019Utilisateur dispose d\u2019un droit d\u2019acc\u00e8s, de modification, de rectification et de suppression de ses donn\u00e9es personnelles. Il peut exercer ce droit en utilisant le formulaire de contact mis \u00e0 sa disposition.<\/p>\n\n<h2 class=\"wp-block-heading\"><strong>4. LIMITES DE RESPONSABILIT\u00c9<\/strong><\/h2>\n\n<p>\u00a0<a href=\"https:\/\/abrisolaires.com\/\">www.abrisolaires.com<\/a> est un site vitrine pr\u00e9sentant l\u2019activit\u00e9 de la soci\u00e9t\u00e9 Sco2Bois.<\/p>\n<p>Les informations diffus\u00e9es sur le site \u00a0<a href=\"https:\/\/abrisolaires.com\/\">www.abrisolaires.com<\/a> proviennent de sources r\u00e9put\u00e9es fiables. Toutefois, l\u2019Editeur ne peut garantir l\u2019exactitude ou la pertinence de ces donn\u00e9es. En outre, les informations mises \u00e0 disposition sur ce site le sont uniquement \u00e0 titre purement informatif et ne sauraient constituer en aucun cas un conseil ou une recommandation de quelque nature que ce soit.<\/p>\n<p>En cons\u00e9quence, l\u2019Utilisation des informations et contenus disponibles sur l\u2019ensemble du site, ne sauraient en aucun cas engager la responsabilit\u00e9 de l\u2019Editeur, \u00e0 quelque titre que ce soit. L\u2019Utilisateur est seul ma\u00eetre de la bonne utilisation, avec discernement et esprit, des informations mises \u00e0 sa disposition par le Service. Par ailleurs, l\u2019Utilisateur s\u2019engage \u00e0 indemniser l\u2019Editeur de toutes cons\u00e9quences dommageables li\u00e9es directement ou indirectement \u00e0 l\u2019usage qu\u2019il fait du Service.<\/p>\n<p>L\u2019Editeur s\u2019engage n\u00e9anmoins \u00e0 mettre en place tous les moyens n\u00e9cessaires pour garantir la s\u00e9curit\u00e9 et la confidentialit\u00e9 des donn\u00e9es transmises. L\u2019Utilisateur est inform\u00e9 qu\u2019un ou plusieurs cookies, ne contenant aucune information personnelle, pourront \u00eatre plac\u00e9s sur son disque dur afin de recueillir des statistiques d\u2019audience.<br \/>L\u2019Utilisateur admet conna\u00eetre les limitations et contraintes propres au r\u00e9seau internet et, \u00e0 ce titre, reconna\u00eet notamment l\u2019impossibilit\u00e9 d\u2019une garantie totale de la s\u00e9curisation des \u00e9changes de donn\u00e9es. L\u2019Editeur ne pourra pas \u00eatre tenu responsable des pr\u00e9judices d\u00e9coulant de la transmission de toute information, y compris de celle de ses identifiants et\/ou de ses mots de passe, via le Service.<\/p>\n<p>L\u2019Utilisateur s\u2019engage, d\u2019une mani\u00e8re g\u00e9n\u00e9rale, \u00e0 respecter l\u2019ensemble de la r\u00e9glementation en vigueur en France.<\/p>\n\n<h2 class=\"wp-block-heading\"><strong>5. LIENS HYPERTEXTE<\/strong><\/h2>\n\n<p>Le Service propose des liens hypertextes vers des sites web \u00e9dit\u00e9s et\/ou g\u00e9r\u00e9s par des tiers. Dans la mesure o\u00f9 aucun contr\u00f4le n\u2019est exerc\u00e9 sur ces ressources externes, l\u2019Utilisateur reconna\u00eet que\u00a0<a href=\"https:\/\/abrisolaires.com\/\">Sco2bois<\/a>\u00a0n\u2019assume aucune responsabilit\u00e9 relative \u00e0 la mise \u00e0 disposition de ces ressources, et ne peut \u00eatre tenu responsable quant \u00e0 leur contenu.<\/p>\n\n<h2 class=\"wp-block-heading\"><strong>6. FORCE MAJEURE<\/strong><\/h2>\n\n<p>La responsabilit\u00e9 de l\u2019Editeur ne pourra \u00eatre engag\u00e9e en cas de force majeure ou de faits ind\u00e9pendants de sa volont\u00e9.<\/p>\n\n<h2 class=\"wp-block-heading\"><strong>7. MODIFICATION \/ \u00c9VOLUTION \/ MISE \u00c0 JOUR<\/strong><\/h2>\n\n<p>Le pr\u00e9sent contrat est conclu pour une dur\u00e9e ind\u00e9termin\u00e9e \u00e0 compter de l\u2019Utilisation du Service par l\u2019Utilisateur. L\u2019Editeur se r\u00e9serve le droit de modifier les termes, conditions et mentions du pr\u00e9sent contrat \u00e0 tout moment et sans notification pr\u00e9alable. Il est ainsi conseill\u00e9 \u00e0 l\u2019Utilisateur de consulter r\u00e9guli\u00e8rement la derni\u00e8re version des Conditions d\u2019Utilisation disponible sur le site\u00a0<a href=\"https:\/\/abrisolaires.com\/\">www.abrisolaires.com<\/a>.<\/p>\n<h2><strong>8. DROIT APPLICABLE ET JURIDICTION COMP\u00c9TENTE<\/strong><\/h2>\n<p>Les r\u00e8gles en mati\u00e8re de droit, applicables aux contenus et aux transmissions de donn\u00e9es sur et autour du site <a href=\"https:\/\/abrisolaires.com\/\">www.abrisolaires.com,<\/a>\u00a0sont d\u00e9termin\u00e9es par la loi fran\u00e7aise. En cas de litige, n\u2019ayant pu faire l\u2019objet d\u2019un accord \u00e0 l\u2019amiable, seuls les tribunaux fran\u00e7ais sont comp\u00e9tents.<\/p>\n\t\t\t\t\t\t\t\t<\/div>\n\t\t\t\t<\/div>\n\t\t\t\t\t<\/div>\n\t\t\t\t<\/div>\n\t\t\t\t<\/div>\n\t\t","protected":false},"excerpt":{"rendered":"<p>MENTIONS L\u00c9GALES Propri\u00e9taire\u00a0: Sco2Bois &#8211; 29 Chemin des Aravis \u2013 73100 \u2013 AIX LES BAINSResponsable publication : Benjamin BOURYContact : 04 74 64 14 80 &#8211; contact@sco2bois.com H\u00e9bergement : OVHSi\u00e8ge social : 2 rue Kellermann &#8211; 59100 &#8211; ROUBAIX &#8211; FRANCE.www.ovh.com CONDITIONS G\u00c9N\u00c9RALES D&rsquo;UTILISATION Les pr\u00e9sentes Conditions G\u00e9n\u00e9rales d\u2019Utilisation ont pour objet de d\u00e9finir les [&hellip;]<\/p>\n","protected":false},"author":1,"featured_media":0,"parent":0,"menu_order":0,"comment_status":"closed","ping_status":"open","template":"","meta":{"_monsterinsights_skip_tracking":false,"_monsterinsights_sitenote_active":false,"_monsterinsights_sitenote_note":"","_monsterinsights_sitenote_category":0,"_uf_show_specific_survey":0,"_uf_disable_surveys":false,"ocean_post_layout":"","ocean_both_sidebars_style":"","ocean_both_sidebars_content_width":0,"ocean_both_sidebars_sidebars_width":0,"ocean_sidebar":"","ocean_second_sidebar":"","ocean_disable_margins":"enable","ocean_add_body_class":"","ocean_shortcode_before_top_bar":"","ocean_shortcode_after_top_bar":"","ocean_shortcode_before_header":"","ocean_shortcode_after_header":"","ocean_has_shortcode":"","ocean_shortcode_after_title":"","ocean_shortcode_before_footer_widgets":"","ocean_shortcode_after_footer_widgets":"","ocean_shortcode_before_footer_bottom":"","ocean_shortcode_after_footer_bottom":"","ocean_display_top_bar":"default","ocean_display_header":"default","ocean_header_style":"","ocean_center_header_left_menu":"","ocean_custom_header_template":"","ocean_custom_logo":0,"ocean_custom_retina_logo":0,"ocean_custom_logo_max_width":0,"ocean_custom_logo_tablet_max_width":0,"ocean_custom_logo_mobile_max_width":0,"ocean_custom_logo_max_height":0,"ocean_custom_logo_tablet_max_height":0,"ocean_custom_logo_mobile_max_height":0,"ocean_header_custom_menu":"","ocean_menu_typo_font_family":"","ocean_menu_typo_font_subset":"","ocean_menu_typo_font_size":0,"ocean_menu_typo_font_size_tablet":0,"ocean_menu_typo_font_size_mobile":0,"ocean_menu_typo_font_size_unit":"px","ocean_menu_typo_font_weight":"","ocean_menu_typo_font_weight_tablet":"","ocean_menu_typo_font_weight_mobile":"","ocean_menu_typo_transform":"","ocean_menu_typo_transform_tablet":"","ocean_menu_typo_transform_mobile":"","ocean_menu_typo_line_height":0,"ocean_menu_typo_line_height_tablet":0,"ocean_menu_typo_line_height_mobile":0,"ocean_menu_typo_line_height_unit":"","ocean_menu_typo_spacing":0,"ocean_menu_typo_spacing_tablet":0,"ocean_menu_typo_spacing_mobile":0,"ocean_menu_typo_spacing_unit":"","ocean_menu_link_color":"","ocean_menu_link_color_hover":"","ocean_menu_link_color_active":"","ocean_menu_link_background":"","ocean_menu_link_hover_background":"","ocean_menu_link_active_background":"","ocean_menu_social_links_bg":"","ocean_menu_social_hover_links_bg":"","ocean_menu_social_links_color":"","ocean_menu_social_hover_links_color":"","ocean_disable_title":"default","ocean_disable_heading":"default","ocean_post_title":"","ocean_post_subheading":"","ocean_post_title_style":"","ocean_post_title_background_color":"","ocean_post_title_background":0,"ocean_post_title_bg_image_position":"","ocean_post_title_bg_image_attachment":"","ocean_post_title_bg_image_repeat":"","ocean_post_title_bg_image_size":"","ocean_post_title_height":0,"ocean_post_title_bg_overlay":0.5,"ocean_post_title_bg_overlay_color":"","ocean_disable_breadcrumbs":"default","ocean_breadcrumbs_color":"","ocean_breadcrumbs_separator_color":"","ocean_breadcrumbs_links_color":"","ocean_breadcrumbs_links_hover_color":"","ocean_display_footer_widgets":"default","ocean_display_footer_bottom":"default","ocean_custom_footer_template":"","footnotes":""},"class_list":["post-3","page","type-page","status-publish","hentry","entry"],"yoast_head":"<!-- This site is optimized with the Yoast SEO plugin v25.5 - https:\/\/yoast.com\/wordpress\/plugins\/seo\/ -->\n<title>Politique de confidentialit\u00e9 | Sco2Bois<\/title>\n<meta name=\"robots\" content=\"index, follow, max-snippet:-1, max-image-preview:large, max-video-preview:-1\" \/>\n<link rel=\"canonical\" href=\"https:\/\/abrisolaires.com\/index.php\/politique-de-confidentialite\/\" \/>\n<meta property=\"og:locale\" content=\"fr_FR\" \/>\n<meta property=\"og:type\" content=\"article\" \/>\n<meta property=\"og:title\" content=\"Politique de confidentialit\u00e9 | Sco2Bois\" \/>\n<meta property=\"og:description\" content=\"MENTIONS L\u00c9GALES Propri\u00e9taire\u00a0: Sco2Bois &#8211; 29 Chemin des Aravis \u2013 73100 \u2013 AIX LES BAINSResponsable publication : Benjamin BOURYContact : 04 74 64 14 80 &#8211; contact@sco2bois.com H\u00e9bergement : OVHSi\u00e8ge social : 2 rue Kellermann &#8211; 59100 &#8211; ROUBAIX &#8211; FRANCE.www.ovh.com CONDITIONS G\u00c9N\u00c9RALES D&rsquo;UTILISATION Les pr\u00e9sentes Conditions G\u00e9n\u00e9rales d\u2019Utilisation ont pour objet de d\u00e9finir les [&hellip;]\" \/>\n<meta property=\"og:url\" content=\"https:\/\/abrisolaires.com\/index.php\/politique-de-confidentialite\/\" \/>\n<meta property=\"og:site_name\" content=\"Sco2Bois\" \/>\n<meta property=\"article:modified_time\" content=\"2024-02-23T07:30:53+00:00\" \/>\n<meta property=\"og:image\" content=\"https:\/\/abrisolaires.com\/wp-content\/uploads\/2023\/12\/Logo-Sco2bois.png\" \/>\n\t<meta property=\"og:image:width\" content=\"861\" \/>\n\t<meta property=\"og:image:height\" content=\"859\" \/>\n\t<meta property=\"og:image:type\" content=\"image\/png\" \/>\n<meta name=\"twitter:card\" content=\"summary_large_image\" \/>\n<meta name=\"twitter:label1\" content=\"Dur\u00e9e de lecture estim\u00e9e\" \/>\n\t<meta name=\"twitter:data1\" content=\"5 minutes\" \/>\n<script type=\"application\/ld+json\" class=\"yoast-schema-graph\">{\"@context\":\"https:\/\/schema.org\",\"@graph\":[{\"@type\":\"WebPage\",\"@id\":\"https:\/\/abrisolaires.com\/index.php\/politique-de-confidentialite\/\",\"url\":\"https:\/\/abrisolaires.com\/index.php\/politique-de-confidentialite\/\",\"name\":\"Politique de confidentialit\u00e9 | Sco2Bois\",\"isPartOf\":{\"@id\":\"https:\/\/abrisolaires.com\/#website\"},\"datePublished\":\"2023-11-24T14:11:26+00:00\",\"dateModified\":\"2024-02-23T07:30:53+00:00\",\"breadcrumb\":{\"@id\":\"https:\/\/abrisolaires.com\/index.php\/politique-de-confidentialite\/#breadcrumb\"},\"inLanguage\":\"fr-FR\",\"potentialAction\":[{\"@type\":\"ReadAction\",\"target\":[\"https:\/\/abrisolaires.com\/index.php\/politique-de-confidentialite\/\"]}]},{\"@type\":\"BreadcrumbList\",\"@id\":\"https:\/\/abrisolaires.com\/index.php\/politique-de-confidentialite\/#breadcrumb\",\"itemListElement\":[{\"@type\":\"ListItem\",\"position\":1,\"name\":\"Accueil\",\"item\":\"https:\/\/abrisolaires.com\/\"},{\"@type\":\"ListItem\",\"position\":2,\"name\":\"Politique de confidentialit\u00e9\"}]},{\"@type\":\"WebSite\",\"@id\":\"https:\/\/abrisolaires.com\/#website\",\"url\":\"https:\/\/abrisolaires.com\/\",\"name\":\"Sco2Bois\",\"description\":\"Abris solaire\",\"publisher\":{\"@id\":\"https:\/\/abrisolaires.com\/#organization\"},\"potentialAction\":[{\"@type\":\"SearchAction\",\"target\":{\"@type\":\"EntryPoint\",\"urlTemplate\":\"https:\/\/abrisolaires.com\/?s={search_term_string}\"},\"query-input\":{\"@type\":\"PropertyValueSpecification\",\"valueRequired\":true,\"valueName\":\"search_term_string\"}}],\"inLanguage\":\"fr-FR\"},{\"@type\":\"Organization\",\"@id\":\"https:\/\/abrisolaires.com\/#organization\",\"name\":\"Sco2Bois\",\"url\":\"https:\/\/abrisolaires.com\/\",\"logo\":{\"@type\":\"ImageObject\",\"inLanguage\":\"fr-FR\",\"@id\":\"https:\/\/abrisolaires.com\/#\/schema\/logo\/image\/\",\"url\":\"http:\/\/abrisolaires.com\/wp-content\/uploads\/2023\/12\/Logo-Sco2bois.png\",\"contentUrl\":\"http:\/\/abrisolaires.com\/wp-content\/uploads\/2023\/12\/Logo-Sco2bois.png\",\"width\":861,\"height\":859,\"caption\":\"Sco2Bois\"},\"image\":{\"@id\":\"https:\/\/abrisolaires.com\/#\/schema\/logo\/image\/\"}}]}<\/script>\n<!-- \/ Yoast SEO plugin. -->","yoast_head_json":{"title":"Politique de confidentialit\u00e9 | Sco2Bois","robots":{"index":"index","follow":"follow","max-snippet":"max-snippet:-1","max-image-preview":"max-image-preview:large","max-video-preview":"max-video-preview:-1"},"canonical":"https:\/\/abrisolaires.com\/index.php\/politique-de-confidentialite\/","og_locale":"fr_FR","og_type":"article","og_title":"Politique de confidentialit\u00e9 | Sco2Bois","og_description":"MENTIONS L\u00c9GALES Propri\u00e9taire\u00a0: Sco2Bois &#8211; 29 Chemin des Aravis \u2013 73100 \u2013 AIX LES BAINSResponsable publication : Benjamin BOURYContact : 04 74 64 14 80 &#8211; contact@sco2bois.com H\u00e9bergement : OVHSi\u00e8ge social : 2 rue Kellermann &#8211; 59100 &#8211; ROUBAIX &#8211; FRANCE.www.ovh.com CONDITIONS G\u00c9N\u00c9RALES D&rsquo;UTILISATION Les pr\u00e9sentes Conditions G\u00e9n\u00e9rales d\u2019Utilisation ont pour objet de d\u00e9finir les [&hellip;]","og_url":"https:\/\/abrisolaires.com\/index.php\/politique-de-confidentialite\/","og_site_name":"Sco2Bois","article_modified_time":"2024-02-23T07:30:53+00:00","og_image":[{"url":"https:\/\/abrisolaires.com\/wp-content\/uploads\/2023\/12\/Logo-Sco2bois.png","width":861,"height":859,"type":"image\/png"}],"twitter_card":"summary_large_image","twitter_misc":{"Dur\u00e9e de lecture estim\u00e9e":"5 minutes"},"schema":{"@context":"https:\/\/schema.org","@graph":[{"@type":"WebPage","@id":"https:\/\/abrisolaires.com\/index.php\/politique-de-confidentialite\/","url":"https:\/\/abrisolaires.com\/index.php\/politique-de-confidentialite\/","name":"Politique de confidentialit\u00e9 | Sco2Bois","isPartOf":{"@id":"https:\/\/abrisolaires.com\/#website"},"datePublished":"2023-11-24T14:11:26+00:00","dateModified":"2024-02-23T07:30:53+00:00","breadcrumb":{"@id":"https:\/\/abrisolaires.com\/index.php\/politique-de-confidentialite\/#breadcrumb"},"inLanguage":"fr-FR","potentialAction":[{"@type":"ReadAction","target":["https:\/\/abrisolaires.com\/index.php\/politique-de-confidentialite\/"]}]},{"@type":"BreadcrumbList","@id":"https:\/\/abrisolaires.com\/index.php\/politique-de-confidentialite\/#breadcrumb","itemListElement":[{"@type":"ListItem","position":1,"name":"Accueil","item":"https:\/\/abrisolaires.com\/"},{"@type":"ListItem","position":2,"name":"Politique de confidentialit\u00e9"}]},{"@type":"WebSite","@id":"https:\/\/abrisolaires.com\/#website","url":"https:\/\/abrisolaires.com\/","name":"Sco2Bois","description":"Abris solaire","publisher":{"@id":"https:\/\/abrisolaires.com\/#organization"},"potentialAction":[{"@type":"SearchAction","target":{"@type":"EntryPoint","urlTemplate":"https:\/\/abrisolaires.com\/?s={search_term_string}"},"query-input":{"@type":"PropertyValueSpecification","valueRequired":true,"valueName":"search_term_string"}}],"inLanguage":"fr-FR"},{"@type":"Organization","@id":"https:\/\/abrisolaires.com\/#organization","name":"Sco2Bois","url":"https:\/\/abrisolaires.com\/","logo":{"@type":"ImageObject","inLanguage":"fr-FR","@id":"https:\/\/abrisolaires.com\/#\/schema\/logo\/image\/","url":"http:\/\/abrisolaires.com\/wp-content\/uploads\/2023\/12\/Logo-Sco2bois.png","contentUrl":"http:\/\/abrisolaires.com\/wp-content\/uploads\/2023\/12\/Logo-Sco2bois.png","width":861,"height":859,"caption":"Sco2Bois"},"image":{"@id":"https:\/\/abrisolaires.com\/#\/schema\/logo\/image\/"}}]}},"_links":{"self":[{"href":"https:\/\/abrisolaires.com\/index.php\/wp-json\/wp\/v2\/pages\/3","targetHints":{"allow":["GET"]}}],"collection":[{"href":"https:\/\/abrisolaires.com\/index.php\/wp-json\/wp\/v2\/pages"}],"about":[{"href":"https:\/\/abrisolaires.com\/index.php\/wp-json\/wp\/v2\/types\/page"}],"author":[{"embeddable":true,"href":"https:\/\/abrisolaires.com\/index.php\/wp-json\/wp\/v2\/users\/1"}],"replies":[{"embeddable":true,"href":"https:\/\/abrisolaires.com\/index.php\/wp-json\/wp\/v2\/comments?post=3"}],"version-history":[{"count":6,"href":"https:\/\/abrisolaires.com\/index.php\/wp-json\/wp\/v2\/pages\/3\/revisions"}],"predecessor-version":[{"id":1265,"href":"https:\/\/abrisolaires.com\/index.php\/wp-json\/wp\/v2\/pages\/3\/revisions\/1265"}],"wp:attachment":[{"href":"https:\/\/abrisolaires.com\/index.php\/wp-json\/wp\/v2\/media?parent=3"}],"curies":[{"name":"wp","href":"https:\/\/api.w.org\/{rel}","templated":true}]}}